{"id":31,"date":"2015-12-04T10:34:48","date_gmt":"2015-12-04T10:34:48","guid":{"rendered":"http:\/\/pollogomezfolk.com\/?page_id=31"},"modified":"2025-04-08T09:31:43","modified_gmt":"2025-04-08T09:31:43","slug":"summer-camp","status":"publish","type":"page","link":"https:\/\/happydaysburgos.com\/?page_id=31","title":{"rendered":"Actividades Extraescolares"},"content":{"rendered":"<p><img loading=\"lazy\" decoding=\"async\" class=\"wp-image-187 alignleft\" src=\"http:\/\/happydaysburgos.com\/wp-content\/uploads\/2016\/02\/IMG_5811.jpg\" alt=\"IMG_5811\" width=\"556\" height=\"496\" srcset=\"https:\/\/happydaysburgos.com\/wp-content\/uploads\/2016\/02\/IMG_5811.jpg 2825w, https:\/\/happydaysburgos.com\/wp-content\/uploads\/2016\/02\/IMG_5811-300x268.jpg 300w, https:\/\/happydaysburgos.com\/wp-content\/uploads\/2016\/02\/IMG_5811-768x685.jpg 768w, https:\/\/happydaysburgos.com\/wp-content\/uploads\/2016\/02\/IMG_5811-1024x913.jpg 1024w\" sizes=\"auto, (max-width: 556px) 100vw, 556px\" \/><\/p>\n<h2 style=\"text-align: right;\">CONOCE NUESTRAS ACTIVIDADES<\/h2>\n<h3 style=\"text-align: right;\"><span class=\"su-label su-label-type-default\">Clases de Ingl\u00e9s<\/span><\/h3>\n<h6 style=\"text-align: right;\">Clases de Ingles de 3 a 8 a\u00f1os de edad, con profesores nativos, de forma l\u00fadica para que aprendan mientras se divierten<\/h6>\n<h3 style=\"text-align: right;\"><span class=\"su-label su-label-type-default\">ROBOTIX en Ingl\u00e9s<\/span><\/h3>\n<h6 style=\"text-align: right;\">Potencia nuevas habilidades y competencias mediante un modelo pedag\u00f3gico ideado por Lego Education, y en Ingl\u00e9s<\/h6>\n<h3 style=\"text-align: right;\"><span class=\"su-label su-label-type-default\"><strong>Summer Camp<\/strong><\/span><\/h3>\n<h6 style=\"text-align: right;\"><span style=\"color: #000000;\">Si tienes entre 3 y 8 a\u00f1os y no sabes que hacer en vacaciones \u00a1\u00a1COME WITH US!!<br \/>\nSi los d\u00edas sin cole no sabes que hacer las vacaciones se te hacen eternas &#8230; Ac\u00e9rcate y disfruta de nuestras actividades para ni\u00f1@s de hasta 8 a\u00f1os.<\/span><\/h6>\n","protected":false},"excerpt":{"rendered":"<p>CONOCE NUESTRAS ACTIVIDADES Clases de Ingles de 3 a 8 a\u00f1os de edad, con profesores nativos, de forma l\u00fadica para que aprendan mientras se divierten Potencia nuevas habilidades y competencias mediante un modelo pedag\u00f3gico ideado por Lego Education, y en<\/p>\n","protected":false},"author":2,"featured_media":0,"parent":0,"menu_order":0,"comment_status":"closed","ping_status":"closed","template":"","meta":{"footnotes":""},"class_list":["post-31","page","type-page","status-publish","hentry"],"_links":{"self":[{"href":"https:\/\/happydaysburgos.com\/index.php?rest_route=\/wp\/v2\/pages\/31","targetHints":{"allow":["GET"]}}],"collection":[{"href":"https:\/\/happydaysburgos.com\/index.php?rest_route=\/wp\/v2\/pages"}],"about":[{"href":"https:\/\/happydaysburgos.com\/index.php?rest_route=\/wp\/v2\/types\/page"}],"author":[{"embeddable":true,"href":"https:\/\/happydaysburgos.com\/index.php?rest_route=\/wp\/v2\/users\/2"}],"replies":[{"embeddable":true,"href":"https:\/\/happydaysburgos.com\/index.php?rest_route=%2Fwp%2Fv2%2Fcomments&post=31"}],"version-history":[{"count":19,"href":"https:\/\/happydaysburgos.com\/index.php?rest_route=\/wp\/v2\/pages\/31\/revisions"}],"predecessor-version":[{"id":780,"href":"https:\/\/happydaysburgos.com\/index.php?rest_route=\/wp\/v2\/pages\/31\/revisions\/780"}],"wp:attachment":[{"href":"https:\/\/happydaysburgos.com\/index.php?rest_route=%2Fwp%2Fv2%2Fmedia&parent=31"}],"curies":[{"name":"wp","href":"https:\/\/api.w.org\/{rel}","templated":true}]}}